2801508120?
2, 3, 5, 233, 1237
List the prime factors of 42207596.
2, 43, 211, 1163
What are the prime factors of 46873571?
53, 151, 5857
List the prime factors of 409932207.
3, 45548023
What are the prime factors of 2442140556?
2, 3, 5939, 34267
List the prime factors of 7467851063.
7467851063
List the prime factors of 57751836.
2, 3, 4812653
List the prime factors of 127197326.
2, 63598663
List the prime factors of 7404702657.
3, 11, 224384929
What are the prime factors of 4547870786?
2, 2273935393
What are the prime factors of 274560348?
2, 3, 83, 181, 1523
List the prime factors of 28680469.
28680469
List the prime factors of 452216416.
2, 19, 743777
What are the prime factors of 70809690?
2, 3, 5, 7, 337189
List the prime factors of 498215320.
2, 5, 2713, 4591
List the prime factors of 75699701.
7, 11, 983113
List the prime factors of 326877156.
2, 3, 17, 534113
What are the prime factors of 1079135069?
1079135069
What are the prime factors of 104083635?
3, 5, 6938909
List the prime factors of 25430943.
3, 31, 8821
List the prime factors of 77670118.
2, 38835059
List the prime factors of 4089396837.
3, 31, 43972009
What are the prime factors of 8563257?
3, 17, 97, 577
List the prime factors of 253354128.
2, 3, 17, 71, 4373
What are the prime factors of 116336697?
3, 38778899
List the prime factors of 387312120.
2, 3, 5, 13, 82759
What are the prime factors of 2131887391?
31, 68770561
What are the prime factors of 78074528?
2, 7, 348547
List the prime factors of 113517877.
11, 31, 463, 719
What are the prime factors of 191165858?
2, 13, 223, 32971
List the prime factors of 181669776.
2, 3, 3784787
List the prime factors of 2439131904.
2, 3, 11, 157, 613
List the prime factors of 4087734157.
13, 19, 16549531
List the prime factors of 563987006.
2, 11, 103, 248891
What are the prime factors of 84778990?
2, 5, 653, 12983
List the prime factors of 42586296.
2, 3, 19, 61, 1531
List the prime factors of 1398022420.
2, 5, 69901121
What are the prime factors of 9875856?
2, 3, 31, 6637
What are the prime factors of 78357005?
5, 2473, 6337
What are the prime factors of 15843929?
19, 43889
List the prime factors of 2762330583.
3, 131, 7028831
List the prime factors of 266325827.
73, 79, 46181
List the prime factors of 225453665.
5, 45090733
List the prime factors of 7239724646.
2, 7, 11, 107, 439357
List the prime factors of 147083711.
17, 149, 58067
List the prime factors of 169009789.
13, 13000753
List the prime factors of 13401107.
13401107
List the prime factors of 1454022269.
7, 173, 1200679
What are the prime factors of 73043350?
2, 5, 1460867
List the prime factors of 44785613.
44785613
What are the prime factors of 70669224?
2, 3, 981517
What are the prime factors of 158800859?
7, 17, 1334461
List the prime factors of 1080257527.
31, 367, 94951
List the prime factors of 1546224479.
31, 49878209
What are the prime factors of 5068212519?
3, 6983, 241931
What are the prime factors of 1086674616?
2, 3, 229, 2441
What are the prime factors of 223307248?
2, 67, 208309
List the prime factors of 209766773.
29, 7233337
What are the prime factors of 5231804087?
137, 38188351
What are the prime factors of 458117230?
2, 5, 2729, 16787
What are the prime factors of 5310856663?
7, 127, 1249, 4783
What are the prime factors of 65450157?
3, 23, 79, 12007
What are the prime factors of 282550085?
5, 107, 528131
List the prime factors of 346628483.
346628483
List the prime factors of 59155420.
2, 5, 53, 55807
List the prime factors of 259072282.
2, 7, 17, 347, 3137
What are the prime factors of 885754479?
3, 73, 4044541
List the prime factors of 610423909.
1487, 410507
What are the prime factors of 23576503?
23576503
List the prime factors of 654961786.
2, 113, 2898061
What are the prime factors of 193580882?
2, 11, 799921
List the prime factors of 2027182391.
13, 17, 9172771
List the prime factors of 69889450.
2, 5, 883, 1583
What are the prime factors of 192153931?
192153931
What are the prime factors of 409205985?
3, 5, 107, 137, 1861
What are the prime factors of 1524363975?
3, 5, 29, 43, 1811
List the prime factors of 324823234.
2, 162411617
List the prime factors of 2844280359.
3, 1021, 103177
What are the prime factors of 3140909402?
2, 137, 11463173
List the prime factors of 6813947.
7, 973421
List the prime factors of 18501670.
2, 5, 11, 168197
List the prime factors of 322460022.
2, 3, 379, 141803
What are the prime factors of 402545162?
2, 151, 409, 3259
What are the prime factors of 30296189?
7, 11, 509, 773
List the prime factors of 205864300.
2, 5, 37, 55639
List the prime factors of 2227649457.
3, 11, 67504529
List the prime factors of 144751687.
144751687
List the prime factors of 14884585.
5, 431, 6907
What are the prime factors of 1775990161?
11, 101, 1598551
What are the prime factors of 396924079?
19, 367, 56923
What are the prime factors of 120313808?
2, 29, 199, 1303
List the prime factors of 3410958822.
2, 3, 568493137
List the prime factors of 4866347353.
7, 83, 1399, 5987
What are the prime factors of 140330313?
3, 192497
List the prime factors of 1305056804.
2, 433, 753497
What are the prime factors of 177412859?
13, 13647143
What are the prime factors of 98558381?
23, 4285147
What are the prime factors of 1278282867?
3, 426094289
What are the prime factors of 745548131?
59, 227, 55667
List the prime factors of 325191312.
2, 3, 2258273
List the prime factors of 133369253.
53, 2516401
What are the prime factors of 89231571?
3, 11, 13, 191
What are the prime factors of 2318998?
2, 11, 23, 4583
List the prime factors of 15878256.
2, 3, 293, 1129
What are the prime factors of 4993900121?
7, 139, 347, 2113
What are the prime factors of 644790280?
2, 5, 17, 23, 41227
List the prime factors of 214360454.
2, 7, 11, 126541
What are the prime factors of 936629451?
3, 79, 659, 1999
List the prime factors of 11433254.
2, 7, 23, 35507
What are the prime factors of 1985090305?
5, 11, 3281141
List the prime factors of 7712553.
3, 2570851
List the prime factors of 1446950.
2, 5, 43, 673
List the prime factors of 2808507308.
2, 257, 743, 3677
What are the prime factors of 919478852?
2, 653, 352021
What are the prime factors of 280394953?
14081, 19913
What are the prime factors of 2772696301?
1069, 2593729
List the prime factors of 1237773373.
19, 65145967
List the prime factors of 99550358.
2, 49775179
List the prime factors of 85700217.
3, 101, 113, 2503
List the prime factors of 47861789.
2293, 20873
List the prime factors of 1240618155.
3, 5, 7, 43, 274777
List the prime factors of 44056938.
2, 3, 167, 43969
What are the prime factors of 335702838?
2, 3, 89, 97, 6481
What are the prime factors of 774430193?
929, 833617
What are the prime factors of 5538560?
2, 5, 4327
List the prime factors of 78364515.
3, 5, 239, 21859
List the prime factors of 178815721.
7, 4153, 6151
What are the prime factors of 94851800?
2, 5, 19, 109, 229
What are the prime factors of 2824071532?
2, 13967, 50549
List the prime factors of 1465598467.
1465598467
List the prime factors of 2467338233.
19, 131, 149, 6653
What are the prime factors of 51141056?
2, 109, 7331
What are the prime factors of 179346103?
7649, 23447
What are the prime factors of 1797586435?
5, 8467, 42461
List the prime factors of 3198784967.
7, 167, 491, 5573
What are the prime factors of 600560618?
2, 7, 43, 997609
List the prime factors of 743418672.
2, 3, 15487889
List the prime factors of 2127021714.
2, 3, 39389291
List the prime factors of 82492876.
2, 20623219
What are the prime factors of 369429633?
3, 13682579
What are the prime factors of 126663410?
2, 5, 149, 85009
What are the prime factors of 155293948?
2, 38823487
List the prime factors of 144131034.
2, 3, 421, 57059
List the prime factors of 31021460.
2, 5, 769, 2017
What are the prime factors of 771783164?
2, 192945791
List the prime factors of 2878748.
2, 37, 53, 367
List the prime factors of 1437878964.
2, 3, 1471, 81457
What are the prime factors of 12199369?
7, 13, 134059
List the prime factors of 72519240.
2, 3, 5, 61, 9907
List the prime factors of 4763407802.
2, 2381703901
List the prime factors of 1586083732.
2, 396520933
List the prime factors of 36286660.
2, 5, 1091, 1663
List the prime factors of 269873958.
2, 3, 2311, 19463